ands digit of 26516?
6
What is the units digit of 2038?
8
What is the tens digit of 59925?
2
What is the ten thousands digit of 45197?
4
What is the units digit of 428?
8
What is the units digit of 1134?
4
What is the hundreds digit of 1950?
9
What is the thousands digit of 2356?
2
What is the hundreds digit of 86419?
4
What is the hundreds digit of 39707?
7
What is the thousands digit of 57509?
7
What is the tens digit of 57120?
2
What is the units digit of 20856?
6
What is the tens digit of 7923?
2
What is the hundreds digit of 17757?
7
What is the hundreds digit of 2674?
6
What is the tens digit of 683?
8
What is the hundreds digit of 53080?
0
What is the units digit of 2353?
3
What is the hundreds digit of 4071?
0
What is the units digit of 59?
9
What is the units digit of 660?
0
What is the tens digit of 36317?
1
What is the tens digit of 2318?
1
What is the thousands digit of 5834?
5
What is the tens digit of 28060?
6
What is the thousands digit of 1191?
1
What is the tens digit of 77171?
7
What is the units digit of 14052?
2
What is the units digit of 1689?
9
What is the hundreds digit of 4798?
7
What is the hundreds digit of 123291?
2
What is the units digit of 1346?
6
What is the tens digit of 20052?
5
What is the units digit of 75680?
0
What is the tens digit of 1307?
0
What is the thousands digit of 55234?
5
What is the hundreds digit of 6939?
9
What is the ten thousands digit of 20148?
2
What is the tens digit of 126756?
5
What is the units digit of 1216?
6
What is the ten thousands digit of 25613?
2
What is the hundreds digit of 2189?
1
What is the thousands digit of 12717?
2
What is the ten thousands digit of 30090?
3
What is the thousands digit of 2949?
2
What is the hundreds digit of 7291?
2
What is the hundreds digit of 93241?
2
What is the thousands digit of 2601?
2
What is the hundreds digit of 1995?
9
What is the hundreds digit of 6968?
9
What is the hundreds digit of 644?
6
What is the tens digit of 1763?
6
What is the thousands digit of 1479?
1
What is the hundreds digit of 887?
8
What is the hundreds digit of 2519?
5
What is the ten thousands digit of 35739?
3
What is the tens digit of 18351?
5
What is the thousands digit of 4923?
4
What is the hundreds digit of 6751?
7
What is the hundreds digit of 37546?
5
What is the ten thousands digit of 22732?
2
What is the hundreds digit of 147782?
7
What is the units digit of 6?
6
What is the units digit of 2231?
1
What is the thousands digit of 3276?
3
What is the hundreds digit of 1779?
7
What is the ten thousands digit of 10688?
1
What is the thousands digit of 25045?
5
What is the hundreds digit of 717?
7
What is the tens digit of 2679?
7
What is the units digit of 716?
6
What is the tens digit of 134198?
9
What is the units digit of 4645?
5
What is the tens digit of 20643?
4
What is the units digit of 6226?
6
What is the hundreds digit of 89573?
5
What is the ten thousands digit of 41906?
4
What is the units digit of 21549?
9
What is the ten thousands digit of 120156?
2
What is the hundred thousands digit of 202789?
2
What is the units digit of 216?
6
What is the tens digit of 1774?
7
What is the thousands digit of 2149?
2
What is the units digit of 21554?
4
What is the tens digit of 102092?
9
What is the thousands digit of 38781?
8
What is the hundreds digit of 78807?
8
What is the tens digit of 147436?
3
What is the units digit of 168068?
8
What is the tens digit of 2396?
9
What is the hundreds digit of 1812?
8
What is the tens digit of 4345?
4
What is the tens digit of 123118?
1
What is the units digit of 8572?
2
What is the tens digit of 46548?
4
What is the tens digit of 751?
5
What is the tens digit of 11?
1
What is the tens digit of 2931?
3
What is the thousands digit of 1652?
1
What is the units digit of 229?
9
What is the thousands digit of 3814?
3
What is the thousands digit of 17402?
7
What is the tens digit of 25196?
9
What is the units digit of 18482?
2
What is the hundreds digit of 7572?
5
What is the hundreds digit of 18300?
3
What is the tens digit of 27999?
9
What is the tens digit of 5445?
4
What is the units digit of 11531?
1
What is the units digit of 1754?
4
What is the tens digit of 3889?
8
What is the tens digit of 577?
7
What is the thousands digit of 18164?
8
What is the hundreds digit of 587?
5
What is the hundreds digit of 439?
4
What is the tens digit of 1141?
4
What is the units digit of 99497?
7
What is the tens digit of 5019?
1
What is the hundreds digit of 7469?
4
What is the units digit of 10360?
0
What is the ten thousands digit of 68885?
6
What is the tens digit of 33073?
7
What is the ten thousands digit of 16369?
1
What is the hundreds digit of 24517?
5
What is the units digit of 55795?
5
What is the tens digit of 6557?
5
What is the hundreds digit of 38354?
3
What is the thousands digit of 50340?
0
What is the tens digit of 3496?
9
What is the hundreds digit of 21835?
8
What is the thousands digit of 1844?
1
What is the ten thousands digit of 59536?
5
What is the hundreds digit of 12316?
3
What is the units digit of 83193?
3
What is the units digit of 3945?
5
What is the thousands digit of 99477?
9
What is the ten thousands digit of 42221?
4
What is the units digit of 157544?
4
What is the tens digit of 1183?
8
What is the ten thousands digit of 28240?
2
What is the tens digit of 1864?
6
What is the hundreds digit of 21707?
7
What is the tens digit of 1485?
8
What is the tens digit of 134567?
6
What is the units digit of 332?
2
What is the units digit of 1075?
5
What is the units digit of 615?
5
What is the thousands digit of 44165?
4
What is the hundreds digit of 6318?
3
What is the tens digit of 444?
4
What is the thousands digit of 85750?
5
What is the hundreds digit of 13125?
1
What is the units digit of 52870?
0
What is the ten thousands digit of 160888?
6
What is the hundreds digit of 39438?
4
What is the tens digit of 78385?
8
What is the tens digit of 3743?
4
What is the tens digit of 416?
1
What is the thousands digit of 107706?
7
What is the hundreds digit of 5224?
2
What is the units digit of 83886?
6
What is the ten thousands digit of 27000?
2
What is the thousands digit of 12451?
2
What is the thousands digit of 7602?
7
What is the ten thousands digit of 23114?
2
What is the units digit of 1377?
7
What is the tens digit of 42867?
6
What is the tens digit of 876?
7
What is the thousands digit of 10287?
0
What is the hundreds digit of 782?
7
What is the thousands digit of 2784?
2
What is the units digit of 391?
1
What is the tens digit of 2914?
1
What is the hundreds digit of 7618?
6
What is the ten thousands digit of 15648?
1
What is the hundreds digit of 9709?
7
What is the ten thousands digit of 16839?
1
What is the units digit of 2266?
6
What is the tens digit of 2092?
9
What is the tens digit of 608?
0
What is the tens digit of 3868?
6
What is the hundreds digit of 663?
6
What is the hundreds digit of 5746?
7
What is the hundreds digit of 1880?
8
What is the units digit of 5?
5
What is the hundreds digit of 442?
4
What is the tens digit of 16427?
2
What is the units digit of 5342?
2
What is the units digit of 575?
5
What is the thousands digit of 20151?
0
What is the tens digit of 4592?
9
What is the hundreds digit of 9774?
7
What is the hundreds digit of 35493?
4
What is the hundreds digit of 9062?
0
What is the hundreds digit of 32893?
8
What is the ten thousands digit of 26412?
2
What is the thousands digit of 1414?
1
What is the thousands digit of 21976?
1
What is the units digit of 616?
6
What is the thousands digit of 9756?
9
What is the units digit of 2377?
7
What is the hundreds digit of 40249?
2
What is the hundreds digit of 290?
2
What is the thousands digit of 1100?
1
What is the tens digit of 1689?
8
What is the hundreds digit of 151?
1
What is the units digit of 48349?
9
What is the thousands digit of 4887?
4
What is the thousands digit of 7126?
7
What is the tens digit of 1861?
6
What is the hundreds digit of 12247?
2
What is the units digit of 948?
8
What is the hundreds digit of 447?
4
What is the units digit of 893?
3
What is the thousands digit of 3900?
3
What is the hundreds digit of 2477?
4
What is the hundreds digit of 36994?
9
What is the units digit of 2482?
2
What is the hundreds digit of 5050